0
In base 3, what is -101001 - -112120222222?
112120121221
In base 16, what is -5 + e6d59?
e6d54
In base 7, what is 4 - 65046121?
-65046114
In base 9, what is 60751 - 307?
60443
In base 14, what is -164 - 35200?
-35364
In base 5, what is -1320423 - -1231?
-1314142
In base 3, what is 2100002212210020 + -21?
2100002212202222
In base 2, what is -1110111100111111000001101000 + -101?
-1110111100111111000001101101
In base 12, what is 3 - -20165b7?
20165ba
In base 6, what is 433 + 2034153?
2035030
In base 11, what is a3592 - -73?
a3655
In base 8, what is -1 - -1365736?
1365735
In base 15, what is -12672 - -da?
-12587
In base 9, what is 38751672 - 4?
38751667
In base 4, what is 1023 + -3233221020?
-3233213331
In base 7, what is 433 - -30156?
30622
In base 4, what is -22010122122 + -323?
-22010123111
In base 13, what is 2 + 760c68?
760c6a
In base 10, what is -12 - 40463795?
-40463807
In base 11, what is 1241 + 870a8?
88339
In base 5, what is -231 + -41413?
-42144
In base 3, what is -10000 + -11112022202202?
-11112022212202
In base 11, what is -2 - 51680088?
-5168008a
In base 6, what is 3254425 + -103?
3254322
In base 4, what is 2000031312 + -33?
2000031213
In base 9, what is -32771 + -1545?
-34426
In base 9, what is 83383 + 185?
83578
In base 8, what is -35715 - 16163?
-54100
In base 14, what is 125032 + -343?
124acd
In base 13, what is -9bac0c - 23?
-9bac32
In base 16, what is -1b3 - -1e1d5?
1e022
In base 2, what is 10111100 + 1100111?
100100011
In base 2, what is 101100011010110101100010100 - -11?
101100011010110101100010111
In base 5, what is 142003444 + -32?
142003412
In base 16, what is 5 + 1fdf61?
1fdf66
In base 4, what is 3113 - -30012001222?
30012011001
In base 7, what is 611030066 + -1?
611030065
In base 3, what is 1101222202122 - 1202?
1101222200220
In base 9, what is -1283766 - -27?
-1283738
In base 11, what is 78 - -39467?
39534
In base 3, what is -20210000 + -1100212212?
-1121122212
In base 6, what is 112 - 2010552300?
-2010552144
In base 16, what is 4a9 - -29a7?
2e50
In base 4, what is 2001322100003023 - 11?
2001322100003012
In base 5, what is -1023 + -22330114?
-22331142
In base 15, what is 1d - 4627d1?
-4627b3
In base 9, what is -153286174 + 0?
-153286174
In base 10, what is -15903807 + -58?
-15903865
In base 9, what is 1061676 + -1446?
1060230
In base 12, what is a902 + -6302?
4600
In base 15, what is -616c22 - 2c?
-616c4e
In base 10, what is 20 - 2682033?
-2682013
In base 11, what is 20 + -1a54828?
-1a54808
In base 5, what is 2 - -34021122434?
34021122441
In base 3, what is 211110100220010 + -120?
211110100212120
In base 7, what is 66605116 + -11?
66605105
In base 14, what is -a13 - -4bac?
4199
In base 14, what is 5d - -1875a?
187b9
In base 16, what is -6ca + -3b6c?
-4236
In base 2, what is 1010100001011 + 1010110001000?
10101010010011
In base 4, what is 1022 + 11000013210?
11000020232
In base 7, what is -26 - 11053150?
-11053206
In base 6, what is -4 - -220415335?
220415331
In base 9, what is -3336666230 - -4?
-3336666225
In base 14, what is 903 + -b995?
-b092
In base 12, what is -15a487 + -3?
-15a48a
In base 13, what is 114ab3c + -10?
114ab2c
In base 11, what is -15a - -8a9?
74a
In base 12, what is 2 + -339441?
-33943b
In base 14, what is -a5dbd - -1a?
-a5da3
In base 13, what is 39c - -43713?
43ab2
In base 15, what is -5 - -ae67e?
ae679
In base 6, what is -2025342 - -45455?
-1535443
In base 11, what is -1502 - -19848?
18346
In base 7, what is -20 - -43455242?
43455222
In base 12, what is -1527820 - -2?
-152781a
In base 9, what is 2 - -12743706?
12743708
In base 13, what is 453743c - -c?
453744b
In base 15, what is -27bdca + 5?
-27bdc5
In base 8, what is -5 - 31403453?
-31403460
In base 7, what is -43246466 + 340?
-43246126
In base 8, what is -1652233 + 244?
-1651767
In base 9, what is -28 + -112626?
-112655
In base 9, what is -1331 - -237277?
235846
In base 13, what is -162c8c - -340?
-16294c
In base 11, what is -2627605 - -80?
-2627535
In base 7, what is -606001 - 12122?
-621123
In base 15, what is e54 - 160ca?
-15176
In base 11, what is 14983a482 + -2?
14983a480
In base 7, what is 26152 - -4163?
33345
In base 11, what is 5 - -72a649?
72a653
In base 12, what is -206 + 1a3509?
1a3303
In base 7, what is -366255 - 50?
-366335
In base 16, what is b0 - -99e7?
9a97
In base 2, what is 101010100 - 111?
101001101
In base 9, what is -246584 + 1003?
-245581
In base 7, what is -1433156 + -13?
-1433202
In base 12, what is 12b20 - 2714?
10408
In base 8, what is 4051353 + -2043?
4047310
In base 15, what is 1 + -59784?
-59783
In base 3, what is 21220 + 110122021221?
110122120211
In base 14, what is 4 + b273b7?
b273bb
In base 12, what is 21 - 980013?
-97bbb2
In base 13, what is 47 + 9b2b5?
9b32c
In base 3, what is -202102221 - -1122?
-202101022
In base 16, what is 7 + -1ab1dd3?
-1ab1dcc
In base 16, what is e205e - -371?
e23cf
In base 6, what is -110341103 + 112?
-110340551
In base 4, what is -1030113223 + 2211?
-1030111012
In base 2, what is 1010111001011111110011100 - 100?
1010111001011111110011000
In base 2, what is -101011101 + -110111100101111?
-111000010001100
In base 7, what is 121020 + 203236?
324256
In base 14, what is -3 + -2d606cc?
-2d606d1
In base 8, what is 1105600 - -50?
1105650
In base 7, what is 13102251 + 30?
13102311
In base 6, what is 4340330 + 42520?
4423250
In base 12, what is 425608 - 31?
425597
In base 16, what is -3 + -77cd59?
-77cd5c
In base 10, what is -22325068 - 5?
-22325073
In base 14, what is 1d58 - -598?
2512
In base 12, what is -15 - -3a7064?
3a704b
In base 2, what is 10011 + 1000100000100101?
1000100000111000
In base 15, what is -cbb5 - 8532?
-161e7
In base 15, what is a4015a - 10?
a4014a
In base 15, what is 17054c + -7?
170545
In base 16, what is -513 + -a2c?
-f3f
In base 6, what is 20520431 - 113?
20520314
In base 8, what is 121 + 343101?
343222
In base 6, what is 30325 - -4414?
35143
In base 13, what is 1411 - 15854?
-14443
In base 13, what is 98450 - b7?
98366
In base 6, what is -15 - -140250040?
140250021
In base 5, what is -11034 + 300401?
234312
In base 12, what is a69389 + 87?
a69454
In base 9, what is -4 - 3466615?
-3466620
In base 6, what is -22151 - -131335?
105144
In base 5, what is -12 + -2234011423?
-2234011440
In base 16, what is 2a2f1 + -7f?
2a272
In base 13, what is 3b364b8 - -4?
3b364bc
In base 5, what is -31113343 - 132?
-31114030
In base 16, what is -5f45 - 2d1?
-6216
In base 13, what is 623a2 + 23?
623c5
In base 4, what is 1102102033 - 33102?
1102002331
In base 14, what is -34251c + 1?
-34251b
In base 3, what is 2 + -110201210210202?
-110201210210200
In base 16, what is -3 - 1381de7?
-1381dea
In base 3, what is -1012121 - 121002222?
-122022120
In base 14, what is 4 - 4ba628b?
-4ba6287
In base 6, what is 132 - -341325?
341501
In base 9, what is 505284 - -8?
505303
In base 11, what is -284 - 8636?
-890a
In base 15, what is 172ec9d + 4?
172eca2
In base 10, what is 42 + -1001569?
-1001527
In base 13, what is -132 - -146a4?
14572
In base 4, what is 311130021310 + -11?
311130021233
In base 9, what is -4 + -884152525?
-884152530
In base 5, what is -13 - 433324413?
-433324431
In base 6, what is 1245542 + -31505?
1214033
In base 12, what is 414153 - -41?
414194
In base 8, what is 13 + 120434473?
120434506
In base 4, what is -123010101 - 2021?
-123012122
In base 4, what is -10 + -10133302320000?
-10133302320010
In base 14, what is 6 + -8c7461?
-8c7459
In base 3, what is 1002102200211022 - -100?
1002102200211122
In base 4, what is 1000312332031 - 1?
1000312332030
In base 13, what is -2 + 2472924?
2472922
In base 9, what is 3753 - -2770?
6633
In base 7, what is 130 + -30066510?
-30066350
In base 12, what is -2 - -9234a33?
9234a31
In base 4, what is -23 - 1013233221?
-1013233310
In base 11, what is -52a7a320 - 0?
-52a7a320
In base 14, what is d1 + 10d22?
11013
In base 8, what is 1 - -113033546?
113033547
In base 2, what is 10110011011001111100010100 - 100?
10110011011001111100010000
In base 13, what is 1 + 495688?
495689
In base 5, what is 22423 + -112132?
-34204
In base 8, what is 245503356 - 0?
245503356
In base 4, what is 221301 + 1202003?
2023310
In base 10, what is 248286 + -97?
248189
In base 12, what is 2 - -159754?
159756
In base 2, what is -1001100 + -11000101101001101111011?
-110001011010011110